{"id":100,"date":"2026-03-18T17:01:58","date_gmt":"2026-03-18T16:01:58","guid":{"rendered":"http:\/\/192.168.26.200:8081\/?page_id=100"},"modified":"2026-04-07T21:39:35","modified_gmt":"2026-04-07T19:39:35","slug":"cennik","status":"publish","type":"page","link":"https:\/\/fizjopunkt.bystrzyca.ovh\/?page_id=100","title":{"rendered":"Cennik"},"content":{"rendered":"\n<p><\/p>\n\n\n\n<figure class=\"wp-block-table\"><table class=\"has-fixed-layout\"><tbody><tr><td>WIZYTA DIAGNOSTYCZNA<br>I TERAPIA INDYWIDUALNA<\/td><td>90 minut<\/td><td>180 z\u0142<\/td><\/tr><tr><td>TERAPIA INDYWIDUALNA<\/td><td>60 minut<\/td><td>160 z\u0142<\/td><\/tr><tr><td>MASA\u017b LECZNICZY<\/td><td>30\/60 minut<\/td><td>100\/180 z\u0142<\/td><\/tr><tr><td>MASA\u017b AQUAVIBRON<\/td><td>15 minut<\/td><td>50 z\u0142<\/td><\/tr><tr><td>KINESIOTAPING<\/td><td>aplikacja<\/td><td>od 30 z\u0142<\/td><\/tr><tr><td>WIZYTA DOMOWA<\/td><td>60 minut<\/td><td>cena ustalana indywidualnie<\/td><\/tr><tr><td>MASA\u017b GOR\u0104CYMI KAMIENIAMI BAZALTOWYMI<\/td><td>60 minut<\/td><td>200 z\u0142<\/td><\/tr><tr><td>MASA\u017b BA\u0143K\u0104 CHI\u0143SK\u0104<\/td><td>30\/60 minut<\/td><td>100z\u0142\/180z\u0142<\/td><\/tr><tr><td>PAKIETY WIZYT 10\/15\/20<\/td><td>60 min<\/td><td>1500z\u0142\/2300z\u0142\/3000z\u0142<\/td><\/tr><\/tbody><\/table><\/figure>\n\n\n\n<p><\/p>\n\n\n\n<p>Obowi\u0105zek zap\u0142aty odbywa si\u0119 po odbytej wizycie, za po\u015brednictwem got\u00f3wki, BLIK na numer telefonu lub przelew na konto Santander 81 1090 2835 0000 0001 6481 1569<\/p>\n\n\n\n<p>Pakiety Rehabilitacyjne 10, 15 lub 20 wizyt &#8211; op\u0142acane s\u0105 \u201cz g\u00f3ry\u201d<\/p>\n\n\n\n<p>Mo\u017cliwo\u015b\u0107 wystawienia faktury VAT.<\/p>\n","protected":false},"excerpt":{"rendered":"<p>WIZYTA DIAGNOSTYCZNAI TERAPIA INDYWIDUALNA 90 minut 180 z\u0142 TERAPIA INDYWIDUALNA 60 minut 160 z\u0142 MASA\u017b LECZNICZY 30\/60 minut 100\/180 z\u0142 MASA\u017b AQUAVIBRON 15 minut 50 z\u0142 KINESIOTAPING aplikacja od 30 z\u0142 WIZYTA DOMOWA 60 minut cena ustalana indywidualnie MASA\u017b GOR\u0104CYMI KAMIENIAMI BAZALTOWYMI 60 minut 200 z\u0142 MASA\u017b BA\u0143K\u0104 CHI\u0143SK\u0104 30\/60 minut 100z\u0142\/180z\u0142 PAKIETY WIZYT 10\/15\/20 [&hellip;]<\/p>\n","protected":false},"author":1,"featured_media":0,"parent":0,"menu_order":0,"comment_status":"closed","ping_status":"closed","template":"","meta":{"footnotes":""},"class_list":["post-100","page","type-page","status-publish","hentry"],"_links":{"self":[{"href":"https:\/\/fizjopunkt.bystrzyca.ovh\/index.php?rest_route=\/wp\/v2\/pages\/100","targetHints":{"allow":["GET"]}}],"collection":[{"href":"https:\/\/fizjopunkt.bystrzyca.ovh\/index.php?rest_route=\/wp\/v2\/pages"}],"about":[{"href":"https:\/\/fizjopunkt.bystrzyca.ovh\/index.php?rest_route=\/wp\/v2\/types\/page"}],"author":[{"embeddable":true,"href":"https:\/\/fizjopunkt.bystrzyca.ovh\/index.php?rest_route=\/wp\/v2\/users\/1"}],"replies":[{"embeddable":true,"href":"https:\/\/fizjopunkt.bystrzyca.ovh\/index.php?rest_route=%2Fwp%2Fv2%2Fcomments&post=100"}],"version-history":[{"count":8,"href":"https:\/\/fizjopunkt.bystrzyca.ovh\/index.php?rest_route=\/wp\/v2\/pages\/100\/revisions"}],"predecessor-version":[{"id":219,"href":"https:\/\/fizjopunkt.bystrzyca.ovh\/index.php?rest_route=\/wp\/v2\/pages\/100\/revisions\/219"}],"wp:attachment":[{"href":"https:\/\/fizjopunkt.bystrzyca.ovh\/index.php?rest_route=%2Fwp%2Fv2%2Fmedia&parent=100"}],"curies":[{"name":"wp","href":"https:\/\/api.w.org\/{rel}","templated":true}]}}