{"id":18,"date":"2026-01-27T19:08:36","date_gmt":"2026-01-27T18:08:36","guid":{"rendered":"https:\/\/fizjopunkt.bystrzyca.ovh\/?page_id=18"},"modified":"2026-03-19T08:36:47","modified_gmt":"2026-03-19T07:36:47","slug":"front_page","status":"publish","type":"page","link":"https:\/\/fizjopunkt.bystrzyca.ovh\/","title":{"rendered":"O mnie"},"content":{"rendered":"\n<p><strong><em>mgr fizjoterapii Agnieszka Wrona<\/em><\/strong><\/p>\n\n\n\n<p>Jestem absolwentk\u0105 Uniwersytetu Medycznego w Lublinie, gdzie w 2011 roku uzyska\u0142am tytu\u0142 magistra fizjoterapii. <\/p>\n\n\n\n<p><\/p>\n\n\n\n<p>Specjalizuj\u0119 si\u0119 w fizjoterapii neurologicznej i ortopedycznej, a swoje podej\u015bcie uzupe\u0142niam terapi\u0105 blizn, terapi\u0105 punkt\u00f3w spustowych oraz rozlu\u017anianiem mi\u0119\u015bniowo-powi\u0119ziowym, terapi\u0105 nerwowo-powi\u0119ziow\u0105 nerwu b\u0142\u0119dnego, terapi\u0105 wisceraln\u0105, metod\u0105 PNF, kinesiotapingiem oraz korekcj\u0105 wad postawy u dzieci i doros\u0142ych. <\/p>\n\n\n\n<p>Stale rozwijam si\u0119 jako fizjoterapeuta, bior\u0105c udzia\u0142 w szkoleniach i warsztatach, by jak najlepiej wspiera\u0107 moich pacjent\u00f3w w powrocie do zdrowia.<\/p>\n\n\n\n<p>Na co dzie\u0144 pracuj\u0119<strong> w Szpitalu w \u015awidniku<\/strong>, gdzie prowadz\u0119 rehabilitacj\u0119 pacjent\u00f3w w r\u00f3\u017cnych etapach leczenia \u2013 od ostrej fazy hospitalizacji po dalszy proces usprawniania. Praca w warunkach szpitalnych pozwala mi \u0142\u0105czy\u0107 aktualn\u0105 wiedz\u0119 kliniczn\u0105 z praktycznym do\u015bwiadczeniem.<\/p>\n\n\n\n<p><strong>W gabinecie <\/strong>pracuj\u0119 w spokojnej, komfortowej atmosferze, a terapie zawsze dostosowuj\u0119 indywidualnie do potrzeb i mo\u017cliwo\u015bci pacjenta. Du\u017cy nacisk k\u0142ad\u0119 na edukacj\u0119 oraz nauk\u0119  \u0107wicze\u0144, kt\u00f3re pomagaj\u0105 utrwali\u0107 efekty terapii i zapobiega\u0107 nawrotom dolegliwo\u015bci.<\/p>\n\n\n\n<p>W swojej pracy stawiam na zrozumienie cz\u0142owieka, a nie tylko samego problemu.<\/p>\n\n\n\n<figure class=\"wp-block-gallery has-nested-images columns-default is-cropped wp-block-gallery-1 is-layout-flex wp-block-gallery-is-layout-flex\">\n<figure class=\"wp-block-image size-large\"><img loading=\"lazy\" decoding=\"async\" width=\"723\" height=\"1024\" data-id=\"126\" src=\"http:\/\/192.168.26.200:8081\/wp-content\/uploads\/2026\/03\/plakat-723x1024.jpg\" alt=\"\" class=\"wp-image-126\" srcset=\"https:\/\/fizjopunkt.bystrzyca.ovh\/wp-content\/uploads\/2026\/03\/plakat-723x1024.jpg 723w, https:\/\/fizjopunkt.bystrzyca.ovh\/wp-content\/uploads\/2026\/03\/plakat-212x300.jpg 212w, https:\/\/fizjopunkt.bystrzyca.ovh\/wp-content\/uploads\/2026\/03\/plakat.jpg 763w\" sizes=\"auto, (max-width: 723px) 100vw, 723px\" \/><\/figure>\n<\/figure>\n","protected":false},"excerpt":{"rendered":"<p>mgr fizjoterapii Agnieszka Wrona Jestem absolwentk\u0105 Uniwersytetu Medycznego w Lublinie, gdzie w 2011 roku uzyska\u0142am tytu\u0142 magistra fizjoterapii. Specjalizuj\u0119 si\u0119 w fizjoterapii neurologicznej i ortopedycznej, a swoje podej\u015bcie uzupe\u0142niam terapi\u0105 blizn, terapi\u0105 punkt\u00f3w spustowych oraz rozlu\u017anianiem mi\u0119\u015bniowo-powi\u0119ziowym, terapi\u0105 nerwowo-powi\u0119ziow\u0105 nerwu b\u0142\u0119dnego, terapi\u0105 wisceraln\u0105, metod\u0105 PNF, kinesiotapingiem oraz korekcj\u0105 wad postawy u dzieci i doros\u0142ych. Stale [&hellip;]<\/p>\n","protected":false},"author":1,"featured_media":0,"parent":0,"menu_order":0,"comment_status":"closed","ping_status":"closed","template":"","meta":{"footnotes":""},"class_list":["post-18","page","type-page","status-publish","hentry"],"_links":{"self":[{"href":"https:\/\/fizjopunkt.bystrzyca.ovh\/index.php?rest_route=\/wp\/v2\/pages\/18","targetHints":{"allow":["GET"]}}],"collection":[{"href":"https:\/\/fizjopunkt.bystrzyca.ovh\/index.php?rest_route=\/wp\/v2\/pages"}],"about":[{"href":"https:\/\/fizjopunkt.bystrzyca.ovh\/index.php?rest_route=\/wp\/v2\/types\/page"}],"author":[{"embeddable":true,"href":"https:\/\/fizjopunkt.bystrzyca.ovh\/index.php?rest_route=\/wp\/v2\/users\/1"}],"replies":[{"embeddable":true,"href":"https:\/\/fizjopunkt.bystrzyca.ovh\/index.php?rest_route=%2Fwp%2Fv2%2Fcomments&post=18"}],"version-history":[{"count":9,"href":"https:\/\/fizjopunkt.bystrzyca.ovh\/index.php?rest_route=\/wp\/v2\/pages\/18\/revisions"}],"predecessor-version":[{"id":127,"href":"https:\/\/fizjopunkt.bystrzyca.ovh\/index.php?rest_route=\/wp\/v2\/pages\/18\/revisions\/127"}],"wp:attachment":[{"href":"https:\/\/fizjopunkt.bystrzyca.ovh\/index.php?rest_route=%2Fwp%2Fv2%2Fmedia&parent=18"}],"curies":[{"name":"wp","href":"https:\/\/api.w.org\/{rel}","templated":true}]}}